0).
-11
Evaluate (16 - -2) + 7 - ((15 - 4) + -1).
15
Evaluate -27 + (-8 - -19) - -2.
-14
4 + -24 + 1 + 30
11
Evaluate -1 + 22 + 371 + -389.
3
What is (-2 - 1) + (-28 - (-21 - 16))?
6
What is (-1 - ((5 - 7) + 7)) + 22?
16
What is (2 - 4) + -10 + -1 + -29 + 22?
-20
Calculate -6 + (52 + -13 - 13) + -12.
8
What is the value of -11 - (1 + -9) - -20?
17
-8 - (-10 + 5 + 7) - -5
-5
(3 - 12 - -15) + (3 - 9) + -9
-9
What is the value of 7 + (-3 - (-16 + (-4 - -10)))?
14
Calculate 5 + 6 + -31 - -35.
15
1 + 9 - (154 + -159)
15
What is the value of -1 - (-1 - (0 + 1) - 6 - 0)?
7
-3 + (15 - (-9 + 6 + -1))
16
What is -11 + (90 - 61) + 1 + -2?
17
Evaluate 4 - (4 - 4) - (-3 - 2 - -3).
6
Calculate -21 + 0 - (-6 - (15 - 14)).
-14
What is 27 + -36 - (1 - 2)?
-8
Calculate 34 + (15 + -6 + 3 - 6).
40
13 - ((16 - (-26 + 9)) + 0)
-20
What is (-9 - -31 - 19) + 3 + 0?
6
What is 2 + -12 + (-69 - -49 - (0 + -11))?
-19
-6 - -5 - 1 - -6
4
(2 - 18) + 4 - ((4 - 3) + 0)
-13
What is the value of -1 + -31 - (-398 + 368)?
-2
What is the value of 7 + -5 - (6 - 2) - (1 - 2)?
-1
Calculate 43 + -44 - (1 - 0).
-2
What is the value of -28 - (37 - 23) - -23?
-19
What is (-2 - (-3 - -4 - -6)) + -3?
-12
Evaluate (8 + 2 - 5) + 9.
14
What is the value of 23 - ((-5 - -27) + -6) - (0 - -7)?
0
What is the value of (2 + 8 + 26 - -3) + -9?
30
What is the value of (2 - 8) + (4 - (-9 + 5 - -13))?
-11
Calculate -8 - ((-1 - -3) + (-1 - 3)).
-6
What is the value of (13 - 17) + (47 - 17)?
26
Calculate 306 + -305 - (-1 + -1).
3
Calculate 45 + 0 - (-6 - (-35 - -14)).
30
3 + (-5 - (-6 - -8)) + (1 - -9)
6
What is (-6 - 5) + 3 + 6?
-2
What is the value of 4 + -30 + 5 + 1?
-20
(13 - 0) + (2 - (2 - (-10 - -5)))
8
Calculate 4 - (-31 + 21 + 12).
2
What is the value of -8 + (-6 - -7) + 5?
-2
-5 + -1 + -2 - (-8 + 31 + -29)
-2
What is (1 + -26 - -37) + -26?
-14
Evaluate -13 + (-3 - (-4 - 16)).
4
What is the value of -4 + (-1 + -11 - 6) + 11?
-11
-16 + (19 - 12) + 0
-9
(0 - -6 - (41 - 33)) + -10
-12
What is the value of -1 + -1 + (-1200 - -1223)?
21
What is the value of -9 - -26 - 28 - -11?
0
Calculate 23 - (5 + 26 + 4).
-12
What is (-1 + 1 - 3) + (30 - 32) + -5?
-10
What is the value of 26 - (-14 - -41) - 23?
-24
Calculate 3 - (-3 + 14) - (-8 + -2).
2
-2 + -1 - (-145 - -129)
13
What is (-1 - -9) + (-6 + -21 - -25)?
6
Evaluate 23 + (-13 - 0 - -6).
16
What is 24 + 14 + -17 - 6?
15
Calculate -9 + -3 + 2 - 14 - -2.
-22
Calculate 10 + (4 - 5) + -2.
7
What is -14 + 29 + (1 - -5) - 2?
19
2 - (14 + -26 + 12)
2
Evaluate (44 - (0 - -32)) + 1 + -13.
0
Evaluate 11 - 14 - -7 - 11 - (-13 - 6).
12
(2 - (10 - (7 - -3))) + -12
-10
8 + (15 - (41 + -14 + 4))
-8
What is -11 + 14 - -11 - 24?
-10
What is the value of 87 - 75 - (18 + 0)?
-6
What is the value of -863 + 863 - (2 + -28 - -1)?
25
What is 52 + -44 + 60 + (-33 - 2)?
33
-32 + -1 - (40 - 32) - -5
-36
Evaluate 6 - (8 - (-7 - -11) - (0 - 4)).
-2
What is 12 + ((11 + -5 - 4) + -1 - -4)?
17
What is the value of -1 + -31 + (17 - (7 - (-15 - -16)))?
-21
What is the value of -1 + -4 + 5 + (5 - 1) + 2?
6
Calculate (8 + -21 - -3 - -7) + 5.
2
Calculate 5 + -8 + 5 + -2 + 1 + -15.
-14
Calculate (21 - (25 + 36)) + 23.
-17
-1 + -3 + 50 + -50
-4
-13 + 13 + -3 + -1 + (5 - 7)
-6
Evaluate (-21 - (-7 - (-3 - (-1 + 0)))) + 4.
-12
Evaluate (-2 - 20) + 40 + (2 - 5).
15
Calculate -4 + -1 - (18 + 12 + -26).
-9
What is the value of -20 + ((-2 - 3) + 12 - -1)?
-12
What is the value of -10 + (-11 - (17 + -21))?
-17
0 + (-11 - -15) + -4
0
What is -3 + 12 - (6 - 6)?
9
What is 10 + -1 - ((-9 - -20) + -4)?
2
What is the value of -473 + 484 - (8 + 2 + -1)?
2
Evaluate -12 + (-17 - -11 - (-12 - 2)).
-4
What is the value of -32 - ((-12 - -12) + 5) - -14?
-23
Evaluate 17 + (-27 - (-27 - -14)).
3
Calculate (1 - 2) + -1 + -1 + -928 + 949.
18
Evaluate -12 + (9 - (6 - 12)).
3
(-5 + -1 - 3) + (-15 - -20)
-4
What is (27 - 3) + (-5 - 1) + 2?
20
64 - 60 - (5 + 0)
-1
What is the value of 0 + (18 + -14 - 2) + 0 + -1?
1
Evaluate -21 + (9 - 10 - -10 - 6).
-18
Evaluate 11 - (-4 + -11 + -10 + 7 + -3).
32
Calculate (-32 - 38) + 68 + 2 + -34.
-34
What is 0 + 10 + -8 - 7?
-5
Calculate -4 + -10 + 21 + -14.
-7
1 + -1 + -1 + 20 + -23
-4
What is the value of 2 + 0 + (4 - ((21 - 15) + -4))?
4
Calculate (15 - (7 - 10 - -10)) + 1 + -24.
-15
What is -16 + (44 - 4) - 21?
3
What is 17 + (14 + -25 - -11)?
17
13 + -8 - -1 - (8 + -5 - 2)
5
Calculate 9 - (1 + (-5 - (-5 + 8) - 1)).
17
14 - -12 - 39 - (1 - 39)
25
Evaluate (-17 - (5 - 14)) + 5 + 30 - 4.
23
Evaluate -5 + -2 + -15 + 9 + (-3 - -2).
-14
Evaluate (26 + 85 - 65) + -1 + -11 + 1.
35
Evaluate 6 - 18 - (-3 + 0 + (6 - 3)).
-12
-7 + (12 - 1) + (-12 - 4 - -7)
-5
What is the value of 7 - (-49 + 69 - (-4 + (1 - -1)))?
-15
What is -14 - 0 - (10 + (11 - 24))?
-11
-11 + -3 + 6 + 4 - -51 - 12
35
What is -15 + 0 - (-16 + 13 + 17 + -7)?
-22
What is (-20 + 33 - 10) + 4?
7
What is 6 - (11 + 8 + (-10 - -21) + -15)?
-9
(-4 - -9) + (-17 + 11 - (-6 - -1))
4
What is (-3 - -2) + 14 - (34 + -33)?
12
What is the value of -2205 + 2221 - (1 + 23)?
-8
(10 - -6) + -2 + -20
-6
What is the value of -38 + (5 - -27 - 11)?
-17
What is the value of 21 - -15 - (100 + -54)?
-10
Calculate (10 - 14) + (-1 - (1 - 1) - 0).
-5
14 + (-12 + 7 - 5)
4
What is the value of (-25 - -12) + (-21 - -38)?
4
What is the value of -1 - (-8 + 4 + 1) - 0?
2
What is the value of 10 + (15 - (14 - -14))?
-3
What is the value of -5 + (-8 - (0 + -10)) + -9 + 3?
-9
Calculate (21 - 21 - (-5 + -12 + 5)) + -14.
-2
Calculate -3 + 0 + (21 - (30 - 14)).
2
Evaluate 11 - (1 - (2 - 6 - 0)).
6
-1 + -2 + -5 + 2 + 7 + 8
9
(-7 - -28) + -42 + 26
5
Calculate -1 - (-9 + 3) - (-1 - (-2 + -10)).
-6
What is the value of -8 + -6 + -4 + 7?
-11
Calculate 0 + (3 - (-7 - -6)) + -4.
0
Evaluate 12 - ((1 - 3) + 2).
12
What is the value of 17 + -28 + 9 - (4 + 1) - -14?
7
Evaluate 6 + (-3 + 8 - 1) + -6 + 0.
4
Evaluate (-4 - 11 - 3) + 6.
-12
What is -11 + 17 + 6 + -2?
10
Calculate 2 + 13 - (-1 - -6 - (25 - 12)).
23
What is the value of (7 - -33) + -42 - (-16 + -2)?
16
Calculate (1 - 4) + -7 + (-12 - -7).
-15
What is -10 + (-3 - -8 - (-6 - -5))?
-4
Calculate -6 + (10 + -16 - (6 - 11)).
-7
Calculate 2 + 7 - (2 + -8 - (-46 - -32)).
1
Calculate (-10 - -5) + 9 + (11 - 10).
5
What is -1 + (-5 + 1 - -3)?
-2
(-36 - -41) + (6 - (2 + 2)) + 5
12
What is the value of (4 + 0 - 1) + 5 + 32 + -32?
8
0 + -4 + (18 - 14) + 33 + 3
36
Evaluate -7 + 22 + (2 - 17).
0
What is the value of (3 - 0) + (11 - (-3 - (-3 - 24)))?
-10
Evaluate 1 + 6 + -4 + (8 - 23).
-12
Evaluate (5 + -12 - -2) + 16.
11
What is the value of 28 + -22 - (1 + 2 + 6)?
-3
Evaluate -1 + 11 - (-169 - -174).
5
What is 18 - ((8 - (-49 + 10)) + -8)?
-21
(-19 - (-17 + 6)) + 3 - (2 - 39)
32
Calculate 1 + (1 + 7 - (-82 + 83)).
8
-14 - (-8 + -3 + -1) - -7
5
What is the value of -3 + 12 - (31 + -21)?
-1
What is 18 - ((-8 - (-9 - 3)) + 3)?
11
-1 + -10 + (21 - 26) + 6
-10
What is the value of -3 + (3 - -4) + (-13 - -21)?
12
-12 - (16 + -14 + 4)
-18
Evaluate -1 - (5 - (16 - 14)).
-4
What is 18 - (18 + -3 + -14) - -11?
28
Calculate (1 - 4) + (4 - 3) - (-3 + 3).
-2
What is the value of -21 + (-28 - (36 - 106))?
21
57 - 42 - (0 - ((5 - 1) + 3))
22
Evaluate 13 - (-34 + 20 - -14).
13
What is the value of -7 + (-2 - -1) + (-2 - -6)?
-4
What is the value of -186 - -184 - (-3 - 12)?
13
Evaluate 3 - -10 - (-13 + 8 - -3).
15
Evaluate 9 - (-5 - (-10 - (-4 + 2))).
6
-11 + 7 + 9 + -8 + 2
-1
(5 - 4) + -5 + (16 - 9) - 3
0
What is 2 + (-9 - (5 + 7 - 2))?
-17
What is (0 - 1 - -1) + -2183 + 2187?
4
Calculate (-10 + (8 - -3) - -2) + -10.
-7
Calculate 12 - (10 + -6) - 11.
-3
What is (-2 - (0 - 0)) + (35 - (-4 - -38))?
-1
What is 5 + (-6 - (9 + 0)) - -9?
-1
What is (4 + (-3 - -1) - 15) + (543 - 541)?
-11
Calculate -9 + 4 + -3 + 11.
3
What is -12 - (-23 + -19 + 14 - 5)?
21
What is the value of -1 - 7 - (16 + (6 - 19))?
-11
(-3 - -2) + (-19 + 14 - -21) + -8
7
(-2 - -1 - (154 + -140)) + 12
-3
Calculate -28 + 1 + 0 + -1 + (-216 - -213).
-31
Evaluate -7 - (-13 + (-10 - (0 + -4))) - 3.
9
(31 - -4) + -2 + 16 + 1 + -15
35
What is the value of -5 - 8 - (17 + -18 - 8)?
-4
What is the value of -31 - (-17 - (7 + -6)) - -32?
19
23 - 11 - -26 - (15 - 2)
25
What is -5 + 2 + 6 - (16 - 32)?
19
What is -5 + (-9 - (-14 + 13)) + 1 + 4?
-8
Evaluate (31 - (-33 - 0)) + -34.
30
Calc